*f - 39. What is the remainder when 1892 is divided by k(-8)?
11
Let v(u) = -853*u - 8991. Calculate the remainder when v(-11) is divided by 55.
7
Let q = -57 - -28. Suppose -25*f = -35*f + 360. Let h = q + f. Calculate the remainder when 13 is divided by h.
6
Let r(q) = -42*q - 28. Let t(c) = 6*c - 28. What is the remainder when r(-2) is divided by t(13)?
6
Let k(n) = -2*n**3 - 10*n**2 - 22*n + 30. What is the remainder when 190 is divided by k(-5)?
50
Let w = -18322 - -18400. Calculate the remainder when 94 is divided by w.
16
Let y(m) = -m + 61. What is the remainder when (215 - (0 - 5)/5) + -3 is divided by y(7)?
51
Suppose 0 = -3*i - r + 1161, 5*i = r + 1211 + 732. What is the remainder when i is divided by 5 - 48/10 - 148/(-10)?
13
Let n be 3 - (4/(-4) - -1). Suppose n*g + 6 = 6. Suppose 11*l - 40 - 158 = g. Calculate the remainder when 32 is divided by l.
14
Let b(w) = 2*w**2 + 7*w - 214. Let m be b(11). Suppose -7*f + 2*f + 129 = -4*y, -5*y - m = -4*f. Calculate the remainder when 49 is divided by f.
24
Let b(g) = -10*g**3 + 27*g**2 + 12*g - 6. What is the remainder when 174/4 - (-4)/8 is divided by b(3)?
2
Suppose -m = -7*m + 228. Suppose -4*u + m = 3*q, -u + 0*q + 3*q = -17. What is the remainder when u is divided by 2?
1
Suppose -6187*y + 6193*y - 336 = 0. Suppose -k + 85 = 2*q, 4*q + 3*k - 110 = 59. What is the remainder when y is divided by q?
13
Suppose -4*y + 181 = 3*n, 4*n + 62*y - 58*y = 240. Calculate the remainder when n is divided by 22.
15
Let w(q) = q**3 + 17*q**2 + 61*q + 77. Calculate the remainder when 642 is divided by w(-11).
114
Let l(z) = 3*z + 86. Let c(v) = v + 29. Let p(x) = 7*c(x) - 2*l(x). Let o be p(-24). Suppose 3 = u - o. What is the remainder when 15 is divided by u?
5
Let l(v) = -v**3 + 17*v**2 + 82*v - 773. What is the remainder when (-11400)/(-70) + 1/7 is divided by l(19)?
37
Let z(f) = -f**2 + 41*f + 137. What is the remainder when z(39) is divided by 56?
47
Suppose 3*x - 387 = -3*f, -x - 5*f = -9*f - 119. Calculate the remainder when x is divided by 16.
15
Let q(n) = n**2 - 2*n + 2. Let l be q(3). Let m = 366 + -361. Suppose -4*k + l*t + 49 = 0, -2*k + m*t + 65 = 3*k. What is the remainder when 22 is divided by k?
6
Let t(r) = 69*r**2 + 2*r + 1. Let v be t(-1). Let f = v - 58. Let s(x) = -x**3 + 9*x**2 + 12*x - 12. Calculate the remainder when 39 is divided by s(f).
7
What is the remainder when (-16 - -11) + -4 - -3785 is divided by 15?
11
Suppose 0 = -14*r - 86 + 114. Suppose -2*g + 654 = 5*p - 6*g, -2*p - 2*g = -276. Calculate the remainder when p is divided by r.
0
Suppose 2*a - 743*q + 742*q - 1045 = 0, 2*a - 1031 = 3*q. Suppose -2*g + 3 = -g + 4*m, -5*g - 2*m + 105 = 0. Calculate the remainder when a is divided by g.
20
Suppose 62*j - 2057 = 51*j. What is the remainder when j is divided by 34?
17
Suppose 147866 - 1687592 + 163013 = -137*y. Calculate the remainder when y is divided by 10.
9
Let h(l) = -l + 28. Let i(x) = -5*x - 17. Let k be i(-2). What is the remainder when h(k) is divided by (-1)/(-4) + 62/8?
3
What is the remainder when (-4)/((1225/(-3050))/49) is divided by 106?
64
Let z(k) = -82*k + 1. Let a be z(1). Let t = 83 + a. Let b(w) = 4*w**2 - 3*w - 1. Calculate the remainder when 44 is divided by b(t).
8
Let y(p) be the third derivative of 11*p**4/8 - 74*p**3/3 + 120*p**2. Calculate the remainder when 81 is divided by y(5).
13
Suppose -3*j + 245 + 145 = 0. Let p = -110 + j. What is the remainder when 56 is divided by p?
16
Suppose -v = 5*v + 318. Suppose -2*w - 3*w + 90 = 0. What is the remainder when (v/(-4))/((-14)/(-56)) is divided by w?
17
Let x(g) = -8*g - 38. Let p(z) = 5*z - 4. Calculate the remainder when x(-18) is divided by p(8).
34
Let k = 358 - 142. Let r = -78 + k. Let t = r - 109. Calculate the remainder when 85 is divided by t.
27
Let d = 150 + -110. Let z(g) = -20*g - 81. What is the remainder when z(-18) is divided by d?
39
Let r(w) = -2*w + 1. Let k(v) = v + 324. Let t(m) = k(m) - 2*r(m). Calculate the remainder when t(-39) is divided by 26.
23
Suppose -24*d + 1001 = -19*d + 3*g, -993 = -5*d + g. Calculate the remainder when d is divided by 42.
31
Suppose 3*f - 5*f + w = -703, -3*w = -3. Let u = 741 - 536. Let x = f - u. Calculate the remainder when x is divided by 37.
36
Suppose 0 = 5*z + 4*p - 4914, 60*z + 954 = 61*z - 4*p. Calculate the remainder when z is divided by 14.
12
Let a = 19 - 2. Suppose 1233 = 194*t - 22350 + 691. Calculate the remainder when t is divided by a.
16
Suppose -5*x + 1788 = -2*k, -2*x - 5*k + 724 = 32. What is the remainder when 806 is divided by x?
94
Let s = 330 - 150. Let n = s + -176. Calculate the remainder when 54 is divided by n.
2
Let y(v) = -61*v + 4288. What is the remainder when y(-87) is divided by 50?
45
Let f be (-2180)/(6 + -11) - -1. Suppose -4*u = 2*h - 226, 0*u - 5*u = 4*h - f. Calculate the remainder when h is divided by 13.
12
Suppose -29*w + 47*w + 768 = 34*w. Calculate the remainder when 767 is divided by w.
47
Suppose 0 = -6*k + k + 240. Let o = -28 + k. What is the remainder when o is divided by 0 - -6*(-75)/(-90)?
0
What is the remainder when 789 is divided by (6 + -1)*43/(-4945)*-3197?
94
Let q = -51 - -247. Let b = 26 - q. What is the remainder when 135 is divided by (((-2)/(-4))/(-1))/(5/b)?
16
Let i = 195286 + -195270. Suppose q + 3 - 7 = 0. Suppose -2*m - 3*g + 117 = 0, q*m = -5*g + 89 + 146. Calculate the remainder when m is divided by i.
12
What is the remainder when (-2 - 0)*(9535/(-10) + 3) is divided by 68?
65
Let u(d) = d**2 + 11*d + 25. Let p be u(-9). Let i(b) = -p*b + 6 + 0*b - 5 + b**3 - 6*b**2 + 1. What is the remainder when 32 is divided by i(7)?
0
Let v = 39 - 36. Suppose 0 = -v*k + 17 + 58. Let y = 1 + k. Calculate the remainder when 70 is divided by y.
18
Let y(h) = 2*h**2 - 19*h - 29. Let g be y(11). Suppose -g*l - 3*v = -377 - 157, 0 = v + 2. What is the remainder when l is divided by 23?
20
Suppose 3*c + 5*o - 4067 = 0, -3*c - 22*o + 26*o = -4031. What is the remainder when c is divided by 8?
5
Suppose h - 11 = -4. Suppose 0*v + 140*v - 5400 = -76*v. What is the remainder when v is divided by h?
4
Let z(p) = p + 1. Let q(b) = 8*b**2 - 2*b - 3. Suppose 48*y = 171 - 27. What is the remainder when q(y) is divided by z(4)?
3
Suppose 27 = 17*h + 78. What is the remainder when (4 - 2) + (29 + h)*2 is divided by 15?
9
Let f = 46 - 43. Suppose -36 = -4*k + 4*c, 2*k = f*c + 23 - 8. Suppose -20*r + k = -19*r. Calculate the remainder when r is divided by 5.
2
Let j(v) = 68*v - 750. What is the remainder when 531 is divided by j(13)?
129
Suppose 5*s + 4*s = 6*s + 2877. What is the remainder when s is divided by 81?
68
Let q(g) = g**2 - 56*g - 63. Calculate the remainder when 225 is divided by q(59).
111
Let g(f) = f**2 + 67*f + 398. What is the remainder when 880 is divided by g(-61)?
16
Suppose 0 = -3*p - 3, 6*h - 2*p - 8 = 4*h. Suppose h*w = -58 - 65. Calculate the remainder when 83 is divided by (-1 + 2)*(w - 2)*-1.
40
Suppose 225*x - 1018 = 3257. What is the remainder when (-1 - 15*-3) + 1 is divided by x?
7
Suppose 7*u - 285 = 1836. Let c = u + -201. Let z = c - 17. What is the remainder when z is divided by 22?
19
Let n be (-51)/1*-1 + -1 + -1. Let z = n + -29. Let a = z - 16. Calculate the remainder when 27 is divided by a.
3
Let m(r) = 15*r**2 + 25*r + 46. Let c = 278 + -280. What is the remainder when 221 is divided by m(c)?
53
Suppose -4*y = 4*b - 3464, -4*y + 1599 = -5*b - 1802. What is the remainder when y is divided by 108?
103
Suppose -3*g = g + 16, 4*q + 5*g = 12. What is the remainder when (-3)/(-243)*9 - (-3 + (-726)/27) is divided by q?
6
Suppose -8*o - 11 = -9*o - i, 0 = -2*o + 2*i + 2. Let w(m) = -m**3 + 15*m**2 - 17*m - 79. Calculate the remainder when w(12) is divided by o.
5
Suppose -3*h = b - 2*b + 36, -3*h - 12 = 0. Suppose 89*q - 93*q - 96 = 0. What is the remainder when 93 is divided by 459/b - (-3)/q?
17
Let y(x) = -x**3 + x**2 + 7. Let p be 5*(-2)/((-6)/3). Suppose p = -4*l + 5*l. What is the remainder when y(0) is divided by l?
2
Suppose 7*v - 148 = -5*v + 308. Calculate the remainder when 209 is divided by v.
19
Suppose 0 = 6*u - 11*u. Suppose 0 = -u*q + 5*q - 720. What is the remainder when q is divided by 30?
24
Let h be 0 + 3 + 1/1. Suppose -301 = -h*f - 5*z, 2*f - 